e (-3)/(-15)*(-55)/11. Is 2503/(-5 - 6/k) prime?
True
Let b = -2 + 1. Let m(i) be the second derivative of -551*i**5/5 - i**4/4 - i**3/3 - 1125*i. Is m(b) prime?
True
Let p(z) = 13*z - 112. Let r be p(9). Suppose 28150 = -r*y - i + 152989, -y + 3*i + 24955 = 0. Is y a composite number?
False
Let c = -12 - -14. Let o(x) = -x**3 + x**2 + 4. Let s be o(c). Suppose -h - 598 + 2075 = s. Is h prime?
False
Suppose 0 = 6*j + 84*j - 9038807 - 13945663. Is j prime?
True
Let w(d) = -95*d + 7*d + 63 - 49*d. Let m be w(-5). Suppose 2*y = 4*c + 982, 0 = 5*y + 5*c - 1767 - m. Is y composite?
False
Is 7/210*4 - (-10)/(150/8033923) composite?
True
Let u(n) be the second derivative of n**4/12 + n**3 + 4*n**2 - 23*n. Let m be u(-5). Is (13/m)/(5/165) a composite number?
True
Let d be 20/6*(-14787)/(-31). Suppose 2160 = 6*v - d. Let n = 352 + v. Is n prime?
True
Suppose 3*q = 3*i - 2 - 139, 3*q + 133 = -5*i. Let u = q + 48. Suppose -u*d - 3*l - 2815 = -6*d, -2103 = -3*d + 5*l. Is d composite?
True
Suppose -6*y = 13042 + 710. Let a = -1292 - y. Let u = a + 361. Is u a composite number?
False
Let m(p) = 3*p**2 - 7*p - 8. Let u be m(-1). Suppose -u*c = 5*k - 1876, 0*k - 2803 = -3*c - 2*k. Is c composite?
True
Let u = 75103 + 191118. Is u composite?
False
Let x(i) = 41*i**3 - i**2 - 2*i + 2. Let r be x(2). Suppose -r - 5060 = -2*b. Suppose 10*t + b - 11381 = 0. Is t a prime number?
False
Suppose -17700 = -4*c + 3704. Suppose 4641 = 5*w + 3*k - 22153, -c = -w + 2*k. Is w composite?
True
Let k = -36 - -39. Suppose 0 = k*t - 2*v + 10, -5*v - 9 = t - 34. Suppose 3*j - 3*r = -t*j + 1119, -5*j + 1865 = 4*r. Is j composite?
False
Suppose -73*f = -75*f + 7*w + 202095, -2*f = -2*w - 202100. Is f a prime number?
True
Is (32450597/(-244))/(1/(-4)) a prime number?
True
Let i(k) = 107*k**2 - 68*k - 55. Let o(a) = -72*a**2 + 45*a + 37. Let j(f) = 5*i(f) + 7*o(f). Is j(-7) a prime number?
False
Let j be 2 + -2 + 0 + 837. Let t = -527 + j. Suppose a + a + h - t = 0, -4*a = -3*h - 640. Is a a prime number?
True
Let s(w) = 81*w + 57. Let l(p) = 82*p + 55. Let v(h) = -4*l(h) + 3*s(h). Is v(-20) a prime number?
False
Let w be 52/(1 + (-211)/(-71) - 4). Let s = 2831 - w. Is s a prime number?
False
Suppose 7741*r - 4187583 = 7732*r. Is r composite?
True
Let j be ((-60)/(-16))/(16/(-16832)). Is j*(2 + 1)/(-1) + -6 a prime number?
False
Let s = 442 - -141. Suppose -s = -5*b + 2047. Is b a prime number?
False
Let y be 20/((-24)/(-16 + 10)). Suppose -3*v + 4704 = v. Suppose 4*c = -2*t + 1164, 0 = 4*c + y*t - 0*t - v. Is c composite?
True
Suppose -32*t - 5*f = -29*t - 184299, 5*t - 307151 = -6*f. Is t a composite number?
True
Let l = 29730 + -10943. Is l a composite number?
False
Suppose 4*t + 4*y + 12 = 0, -3*y + 5*y = -t - 8. Let i = 7 + t. Suppose -85 + 1336 = i*w. Is w a prime number?
True
Suppose 0 = -c - 95*p + 91*p + 25953, -c + 3*p = -25981. Is c a prime number?
True
Let l(u) be the second derivative of 13*u**4/2 + 7*u**3/6 - 15*u**2/2 + 59*u. Is l(-10) a composite number?
True
Let z = -243 - -804. Let y = 1952 + z. Is y a prime number?
False
Let q be 4/(-24)*-4 + (-33)/9. Let i(m) = -271*m**3 - 2*m**2 - 7*m - 7. Is i(q) prime?
False
Let x = -46395 - -84142. Is x a prime number?
True
Suppose -5*o - 52 = -17. Let x(u) = -5*u**3 - 7*u**2 + 8*u + 10. Let a be x(o). Suppose -5*g - h + 1653 = -2*h, -h + a = 4*g. Is g prime?
True
Let c be -225*(2 + -3)/3. Suppose -c = 2*o - d + 358, -2*d - 862 = 4*o. Let g = o - -769. Is g composite?
True
Let j be ((-56)/(-16))/(4/8). Suppose -j*v + 52701 = 4*v. Is v prime?
False
Let k(r) = 2*r**3 + 16*r**2 - 19*r + 41. Let q(v) = -6*v**3 - 49*v**2 + 58*v - 121. Let w(t) = -7*k(t) - 2*q(t). Is w(-12) a prime number?
False
Let d(u) = 6*u**3 - 7*u**2 - 18*u + 362. Is d(9) a composite number?
False
Let t = -136 - -340. Suppose -159 = -205*u + t*u. Is u prime?
False
Let m = -280 - -72. Is (m/(-24) - 8)/((-2)/(-7827)) composite?
False
Suppose 5*k - 4*g + 186882 = 941095, -k - 2*g = -150851. Is k prime?
False
Let s be (-4)/260*-13 + (-238072)/10. Is (0 + s/28)*-4 composite?
True
Let l(q) = 4150*q - 871. Is l(3) prime?
True
Is (-3039438)/30*(-3 + -22)/5 prime?
True
Suppose 0*g + 2*g = -6. Let q(b) be the first derivative of -53*b**2/2 + 4*b - 1. Is q(g) a prime number?
True
Suppose k + 203919 + 1242796 = 5*l, 2*l + 4*k = 578686. Is l composite?
False
Is (2103541*44/(-968))/((-2)/44) a prime number?
False
Let z = -9 + -3. Let h(w) = -w - 20. Let d be h(z). Is 1814*(-1)/(d/4) prime?
True
Let b = 93190 + -51357. Is b a prime number?
False
Suppose -32 = -2*c - 246. Let y = 266 - c. Is y a prime number?
True
Let x be 3/(1/(6/9)). Suppose 2*r - r - 394 = l, x*r + 2*l - 800 = 0. Is r a composite number?
False
Let d be (-10)/(490/(-21)) - (-414)/14. Suppose -46*a + d*a + 40336 = 0. Is a composite?
False
Suppose 19404 = -4*c + 4*f + 153344, -5*c + 2*f = -167413. Is c prime?
False
Let x be (-3 - (-3 + 1))*(-1852 + 13). Let r = 179 + -451. Let q = r + x. Is q a composite number?
False
Let r(d) = -16032*d + 91. Is r(-5) a prime number?
True
Is (-2 - 11211)/(8*(-13)/104) composite?
False
Suppose 12*i = 3*i - 288. Let x = 512 - 740. Is i*x/8 + -5 a prime number?
True
Suppose 0*k + 589463 = 6*k + k. Is k composite?
True
Suppose k - v - 29420 = -2366, 108221 = 4*k - 3*v. Is k a prime number?
True
Suppose 146*h - 111*h - 308035 = 0. Is h a prime number?
False
Let y(i) = 8*i**3 + i**2 - 8*i - 2. Let h be y(6). Let m be (-2)/10*1 + 268596/(-270). Let u = h + m. Is u prime?
True
Let l(g) = 2*g**3 + 32*g**2 - 31*g + 48. Let v be l(-17). Is v*(-50)/150*10781*1 composite?
False
Let u(d) be the second derivative of -d**4/12 - 23*d**3/6 - 5*d**2/2 - 17*d. Let q(g) = -g**2 + 13*g - 1. Let r be q(14). Is u(r) composite?
True
Is 10/10*(103011 + -10) prime?
True
Let q(s) = -141703*s + 65. Is q(-2) a composite number?
True
Suppose 0 = 30*o - 33*o + 25491. Is o a composite number?
True
Let b(y) = 6*y**2 - y + 2. Let v be b(1). Is (-2)/6 - (186648/(-18))/v composite?
False
Suppose 4*s + 6*m + 8 = 5*m, 4*s - 3*m + 8 = 0. Let b be (-5)/s*(-353 - 1). Let p = 1400 + b. Is p prime?
False
Let p(h) = 160*h**2 + 45*h + 27. Let q be p(-19). Suppose 18*s - 73298 = q. Is s composite?
True
Let x(g) be the first derivative of 19*g**3 + g**2 - 5*g - 30. Is x(8) a prime number?
True
Suppose o - 19432 = -3*c - 7097, 3*c - 49304 = -4*o. Is o prime?
True
Let s(l) = -764*l - 30 + 99 - 28 - 32. Is s(-8) a composite number?
False
Suppose 4*l = 3*z - 12, -3*z + l = z - 16. Suppose 14*x - z*x = 8510. Is x prime?
False
Let h be -7 + 117/18 - 23/(-2). Let o(p) = -p**3 + 12*p**2 + 35*p - 1. Is o(h) composite?
True
Is 14975 + -5 + -9 + -10 prime?
True
Let c be (12/48)/(2/48). Is -4595*(-3)/c*2 prime?
False
Let p = 233243 + -141570. Is p a prime number?
True
Suppose 5791 = -2*v + 4*z + 18405, 3*z = 15. Let r = v + -2488. Is r prime?
False
Let b = 87 + -79. Suppose -9135 = -r - b. Is r composite?
False
Let h(d) = -d**3 - 5*d**2 - 2*d + 6. Let o be h(-3). Let a(l) = -3*l - 14. Let s be a(o). Suppose x = s*x - 3261. Is x composite?
False
Let d = -36 - -31. Let l(s) = -7*s - 35. Let r be l(d). Suppose 5*h - 1452 + 187 = r. Is h composite?
True
Let w(i) = 3890*i + 7. Suppose -3*k + 35 - 8 = 5*m, -k = 5*m - 19. Is w(m) a prime number?
True
Suppose -s + 777 = 2*f - 1933, 4054 = 3*f - 4*s. Let u = 755 + f. Suppose 0 = 6*x - 9*x + u. Is x prime?
False
Let n(h) = h**3 - 24*h**2 - h + 15. Let b be n(24). Let i be (-9)/(-6)*(-15834)/b. Suppose 5*k - 1746 = i. Is k composite?
False
Suppose -2088843 - 5540262 = -33*j. Is j prime?
False
Suppose 4*l = 9*j - 5*j + 8, 2*j + 4*l = -16. Let x(q) = -118*q**3 + 4*q**2 - 17*q + 7. Is x(j) a composite number?
False
Suppose -4*x - 3*p + 2874337 = 0, 364*x - 369*x + p + 3592888 = 0. Is x a composite number?
False
Let w(s) = 37*s**2 + 6*s - 1256. Is w(-55) a prime number?
True
Let q be 30/(-25)*-1*5. Let o(c) = c**3 + 3*c**2 + 3*c - 1. Let x be o(q). Let z = x + -219. Is z a prime number?
False
Suppose -2*z + z = 4*m - 83, 0 = 5*m - 4*z - 109. Let r(l) = 10*l**2 + 10*l + 17. Is r(m) composite?
False
Let f(s) = -s**2 + 11*s - 21. Suppose -2*g = -10 - 2. Let x be f(g). Is (488/28 + x/(-21))*17 a prime number?
False
Let k(b) be the third derivative of -15*b**4/4 + 19*b**3/6 - 62*b**2. Is k(-24) com